{"id":13608,"date":"2026-02-22T22:31:44","date_gmt":"2026-02-22T22:31:44","guid":{"rendered":"https:\/\/zekisari.com\/?post_type=product&#038;p=13608"},"modified":"2026-02-25T19:50:16","modified_gmt":"2026-02-25T19:50:16","slug":"tirim-tv-unitesi","status":"publish","type":"product","link":"https:\/\/zekisari.com\/index.php\/product\/tirim-tv-unitesi\/","title":{"rendered":"Tirim Tv \u00dcnitesi"},"content":{"rendered":"\n<table id=\"tablepress-104\" class=\"tablepress tablepress-id-104\">\n<thead>\n<tr class=\"row-1\">\n\t<th class=\"column-1\">\u00dcr\u00fcn<\/th><th class=\"column-2\">Geni\u015flik (cm)<\/th><th class=\"column-3\">Y\u00fckseklik (cm)<\/th><th class=\"column-4\">Derinlik (cm)<\/th>\n<\/tr>\n<\/thead>\n<tbody>\n<tr class=\"row-2\">\n\t<td class=\"column-1\">Tv \u00dcnite Alt Mod\u00fcl<\/td><td class=\"column-2\">209<\/td><td class=\"column-3\">56<\/td><td class=\"column-4\">43<\/td>\n<\/tr>\n<tr class=\"row-3\">\n\t<td class=\"column-1\">Tv \u00dcnite Pano Mod\u00fcl<\/td><td class=\"column-2\">139<\/td><td class=\"column-3\">90<\/td><td class=\"column-4\">36<\/td>\n<\/tr>\n<tr class=\"row-4\">\n\t<td class=\"column-1\">Tv \u00dcnite \u00dcst Mod\u00fcl<\/td><td class=\"column-2\">56<\/td><td class=\"column-3\">91<\/td><td class=\"column-4\">31<\/td>\n<\/tr>\n<tr class=\"row-5\">\n\t<td class=\"column-1\">Tv \u00dcnite Vitrin Mod\u00fcl<\/td><td class=\"column-2\">56<\/td><td class=\"column-3\">141<\/td><td class=\"column-4\">30<\/td>\n<\/tr>\n<\/tbody>\n<\/table>\n\n","protected":false},"excerpt":{"rendered":"\u00dcr\u00fcnGeni\u015flik (cm)Y\u00fckseklik (cm)Derinlik (cm) Tv \u00dcnite Alt Mod\u00fcl2095643 Tv \u00dcnite Pano Mod\u00fcl1399036 Tv \u00dcnite \u00dcst Mod\u00fcl569131 Tv \u00dcnite Vitrin Mod\u00fcl5614130","protected":false},"featured_media":13609,"template":"","meta":[],"product_brand":[],"product_cat":[78],"product_tag":[],"class_list":{"0":"post-13608","1":"product","2":"type-product","3":"status-publish","4":"has-post-thumbnail","6":"product_cat-tv-uniteleri","8":"first","9":"instock","10":"shipping-taxable","11":"product-type-simple"},"_links":{"self":[{"href":"https:\/\/zekisari.com\/index.php\/wp-json\/wp\/v2\/product\/13608","targetHints":{"allow":["GET"]}}],"collection":[{"href":"https:\/\/zekisari.com\/index.php\/wp-json\/wp\/v2\/product"}],"about":[{"href":"https:\/\/zekisari.com\/index.php\/wp-json\/wp\/v2\/types\/product"}],"wp:featuredmedia":[{"embeddable":true,"href":"https:\/\/zekisari.com\/index.php\/wp-json\/wp\/v2\/media\/13609"}],"wp:attachment":[{"href":"https:\/\/zekisari.com\/index.php\/wp-json\/wp\/v2\/media?parent=13608"}],"wp:term":[{"taxonomy":"product_brand","embeddable":true,"href":"https:\/\/zekisari.com\/index.php\/wp-json\/wp\/v2\/product_brand?post=13608"},{"taxonomy":"product_cat","embeddable":true,"href":"https:\/\/zekisari.com\/index.php\/wp-json\/wp\/v2\/product_cat?post=13608"},{"taxonomy":"product_tag","embeddable":true,"href":"https:\/\/zekisari.com\/index.php\/wp-json\/wp\/v2\/product_tag?post=13608"}],"curies":[{"name":"wp","href":"https:\/\/api.w.org\/{rel}","templated":true}]}}