{"id":12926,"date":"2026-01-13T20:25:14","date_gmt":"2026-01-13T20:25:14","guid":{"rendered":"https:\/\/zekisari.com\/?post_type=product&#038;p=12926"},"modified":"2026-01-13T20:25:14","modified_gmt":"2026-01-13T20:25:14","slug":"ermes-kose-takimi","status":"publish","type":"product","link":"https:\/\/zekisari.com\/index.php\/product\/ermes-kose-takimi\/","title":{"rendered":"Ermes K\u00f6\u015fe Tak\u0131m\u0131"},"content":{"rendered":"\n<table id=\"tablepress-67\" class=\"tablepress tablepress-id-67\">\n<thead>\n<tr class=\"row-1\">\n\t<th class=\"column-1\">\u00dcr\u00fcn<\/th><th class=\"column-2\">Geni\u015flik (cm)<\/th><th class=\"column-3\">Y\u00fckseklik (cm)<\/th><th class=\"column-4\">Derinlik (cm)<\/th>\n<\/tr>\n<\/thead>\n<tbody>\n<tr class=\"row-2\">\n\t<td class=\"column-1\">Kollu Masa Mod\u00fcl<\/td><td class=\"column-2\">180<\/td><td class=\"column-3\">80<\/td><td class=\"column-4\">130<\/td>\n<\/tr>\n<tr class=\"row-3\">\n\t<td class=\"column-1\">Relax Mod\u00fcl<\/td><td class=\"column-2\">121<\/td><td class=\"column-3\">80<\/td><td class=\"column-4\">175<\/td>\n<\/tr>\n<tr class=\"row-4\">\n\t<td class=\"column-1\">K\u00f6\u015fe Mod\u00fcl<\/td><td class=\"column-2\">165x165<\/td><td class=\"column-3\">80<\/td><td class=\"column-4\">115<\/td>\n<\/tr>\n<tr class=\"row-5\">\n\t<td class=\"column-1\">90 Cm Mod\u00fcl<\/td><td class=\"column-2\">90<\/td><td class=\"column-3\">80<\/td><td class=\"column-4\">95<\/td>\n<\/tr>\n<tr class=\"row-6\">\n\t<td class=\"column-1\">70 Cm Mod\u00fcl<\/td><td class=\"column-2\">75<\/td><td class=\"column-3\">80<\/td><td class=\"column-4\">95<\/td>\n<\/tr>\n<tr class=\"row-7\">\n\t<td class=\"column-1\">M\u00fczik Mod\u00fcl<\/td><td class=\"column-2\">40<\/td><td class=\"column-3\">56<\/td><td class=\"column-4\">90<\/td>\n<\/tr>\n<\/tbody>\n<\/table>\n\n","protected":false},"excerpt":{"rendered":"\u00dcr\u00fcnGeni\u015flik (cm)Y\u00fckseklik (cm)Derinlik (cm) Kollu Masa Mod\u00fcl18080130 Relax Mod\u00fcl12180175 K\u00f6\u015fe Mod\u00fcl165x16580115 90 Cm Mod\u00fcl908095 70 Cm Mod\u00fcl758095 M\u00fczik Mod\u00fcl405690","protected":false},"featured_media":12928,"template":"","meta":[],"product_brand":[],"product_cat":[75],"product_tag":[],"class_list":{"0":"post-12926","1":"product","2":"type-product","3":"status-publish","4":"has-post-thumbnail","6":"product_cat-kose-koltuk-takimlari","8":"first","9":"instock","10":"shipping-taxable","11":"product-type-simple"},"_links":{"self":[{"href":"https:\/\/zekisari.com\/index.php\/wp-json\/wp\/v2\/product\/12926","targetHints":{"allow":["GET"]}}],"collection":[{"href":"https:\/\/zekisari.com\/index.php\/wp-json\/wp\/v2\/product"}],"about":[{"href":"https:\/\/zekisari.com\/index.php\/wp-json\/wp\/v2\/types\/product"}],"wp:featuredmedia":[{"embeddable":true,"href":"https:\/\/zekisari.com\/index.php\/wp-json\/wp\/v2\/media\/12928"}],"wp:attachment":[{"href":"https:\/\/zekisari.com\/index.php\/wp-json\/wp\/v2\/media?parent=12926"}],"wp:term":[{"taxonomy":"product_brand","embeddable":true,"href":"https:\/\/zekisari.com\/index.php\/wp-json\/wp\/v2\/product_brand?post=12926"},{"taxonomy":"product_cat","embeddable":true,"href":"https:\/\/zekisari.com\/index.php\/wp-json\/wp\/v2\/product_cat?post=12926"},{"taxonomy":"product_tag","embeddable":true,"href":"https:\/\/zekisari.com\/index.php\/wp-json\/wp\/v2\/product_tag?post=12926"}],"curies":[{"name":"wp","href":"https:\/\/api.w.org\/{rel}","templated":true}]}}