{"id":12697,"date":"2025-12-23T15:56:38","date_gmt":"2025-12-23T15:56:38","guid":{"rendered":"https:\/\/zekisari.com\/?post_type=product&#038;p=12697"},"modified":"2026-02-25T18:47:26","modified_gmt":"2026-02-25T18:47:26","slug":"opava-kose-takimi","status":"publish","type":"product","link":"https:\/\/zekisari.com\/index.php\/product\/opava-kose-takimi\/","title":{"rendered":"Opava K\u00f6\u015fe Tak\u0131m\u0131"},"content":{"rendered":"\n<table id=\"tablepress-100\" class=\"tablepress tablepress-id-100\">\n<thead>\n<tr class=\"row-1\">\n\t<th class=\"column-1\">\u00dcr\u00fcn<\/th><th class=\"column-2\">Geni\u015flik (cm)<\/th><th class=\"column-3\">Y\u00fckseklik (cm)<\/th><th class=\"column-4\">Derinlik (cm)<\/th>\n<\/tr>\n<\/thead>\n<tbody>\n<tr class=\"row-2\">\n\t<td class=\"column-1\">K\u00f6\u015fe 123 Cm Kollu Mod\u00fcl<\/td><td class=\"column-2\">123<\/td><td class=\"column-3\">76<\/td><td class=\"column-4\">98<\/td>\n<\/tr>\n<tr class=\"row-3\">\n\t<td class=\"column-1\">K\u00f6\u015fe 103 Cm Kollu Mod\u00fcl<\/td><td class=\"column-2\">103<\/td><td class=\"column-3\">76<\/td><td class=\"column-4\">98<\/td>\n<\/tr>\n<tr class=\"row-4\">\n\t<td class=\"column-1\">K\u00f6\u015fe 70 Cm Mod\u00fcl<\/td><td class=\"column-2\">70<\/td><td class=\"column-3\">76<\/td><td class=\"column-4\">98<\/td>\n<\/tr>\n<tr class=\"row-5\">\n\t<td class=\"column-1\">K\u00f6\u015fe 90 Cm Mod\u00fcl<\/td><td class=\"column-2\">90<\/td><td class=\"column-3\">76<\/td><td class=\"column-4\">98<\/td>\n<\/tr>\n<tr class=\"row-6\">\n\t<td class=\"column-1\">K\u00f6\u015fe Ara Sehpa Mod\u00fcl<\/td><td class=\"column-2\">50<\/td><td class=\"column-3\">76<\/td><td class=\"column-4\">98<\/td>\n<\/tr>\n<tr class=\"row-7\">\n\t<td class=\"column-1\">K\u00f6\u015fe Mod\u00fcl<\/td><td class=\"column-2\">120x120<\/td><td class=\"column-3\">76<\/td><td class=\"column-4\">98<\/td>\n<\/tr>\n<tr class=\"row-8\">\n\t<td class=\"column-1\">K\u00f6\u015fe Dinlenme Mod\u00fcl<\/td><td class=\"column-2\">105<\/td><td class=\"column-3\">76<\/td><td class=\"column-4\">170<\/td>\n<\/tr>\n<\/tbody>\n<\/table>\n\n","protected":false},"excerpt":{"rendered":"\u00dcr\u00fcnGeni\u015flik (cm)Y\u00fckseklik (cm)Derinlik (cm) K\u00f6\u015fe 123 Cm Kollu Mod\u00fcl1237698 K\u00f6\u015fe 103 Cm Kollu Mod\u00fcl1037698 K\u00f6\u015fe 70 Cm Mod\u00fcl707698 K\u00f6\u015fe 90","protected":false},"featured_media":12698,"template":"","meta":[],"product_brand":[],"product_cat":[75],"product_tag":[],"class_list":{"0":"post-12697","1":"product","2":"type-product","3":"status-publish","4":"has-post-thumbnail","6":"product_cat-kose-koltuk-takimlari","8":"first","9":"instock","10":"shipping-taxable","11":"product-type-simple"},"_links":{"self":[{"href":"https:\/\/zekisari.com\/index.php\/wp-json\/wp\/v2\/product\/12697","targetHints":{"allow":["GET"]}}],"collection":[{"href":"https:\/\/zekisari.com\/index.php\/wp-json\/wp\/v2\/product"}],"about":[{"href":"https:\/\/zekisari.com\/index.php\/wp-json\/wp\/v2\/types\/product"}],"wp:featuredmedia":[{"embeddable":true,"href":"https:\/\/zekisari.com\/index.php\/wp-json\/wp\/v2\/media\/12698"}],"wp:attachment":[{"href":"https:\/\/zekisari.com\/index.php\/wp-json\/wp\/v2\/media?parent=12697"}],"wp:term":[{"taxonomy":"product_brand","embeddable":true,"href":"https:\/\/zekisari.com\/index.php\/wp-json\/wp\/v2\/product_brand?post=12697"},{"taxonomy":"product_cat","embeddable":true,"href":"https:\/\/zekisari.com\/index.php\/wp-json\/wp\/v2\/product_cat?post=12697"},{"taxonomy":"product_tag","embeddable":true,"href":"https:\/\/zekisari.com\/index.php\/wp-json\/wp\/v2\/product_tag?post=12697"}],"curies":[{"name":"wp","href":"https:\/\/api.w.org\/{rel}","templated":true}]}}