{"id":10571,"date":"2025-06-26T16:06:45","date_gmt":"2025-06-26T16:06:45","guid":{"rendered":"https:\/\/zekisari.com\/?post_type=product&#038;p=10571"},"modified":"2025-11-21T15:08:39","modified_gmt":"2025-11-21T15:08:39","slug":"kato-yatak-odasi","status":"publish","type":"product","link":"https:\/\/zekisari.com\/index.php\/product\/kato-yatak-odasi\/","title":{"rendered":"Kato Yatak Odas\u0131"},"content":{"rendered":"\n<table id=\"tablepress-53\" class=\"tablepress tablepress-id-53\">\n<thead>\n<tr class=\"row-1\">\n\t<th class=\"column-1\">\u00dcr\u00fcn<\/th><th class=\"column-2\">Geni\u015flik (cm)<\/th><th class=\"column-3\">Y\u00fckseklik (cm)<\/th><th class=\"column-4\">Derinlik (cm)<\/th>\n<\/tr>\n<\/thead>\n<tbody>\n<tr class=\"row-2\">\n\t<td class=\"column-1\">5 Kap\u0131l\u0131 Gardrop<\/td><td class=\"column-2\">253<\/td><td class=\"column-3\">216<\/td><td class=\"column-4\">62<\/td>\n<\/tr>\n<tr class=\"row-3\">\n\t<td class=\"column-1\">2 Kap\u0131l\u0131 Dolap<\/td><td class=\"column-2\">100<\/td><td class=\"column-3\">216<\/td><td class=\"column-4\">62<\/td>\n<\/tr>\n<tr class=\"row-4\">\n\t<td class=\"column-1\">K\u00f6\u015fe Dolap<\/td><td class=\"column-2\">91x91<\/td><td class=\"column-3\">216<\/td><td class=\"column-4\">62<\/td>\n<\/tr>\n<tr class=\"row-5\">\n\t<td class=\"column-1\">Tek Kap\u0131l\u0131 Dolap<\/td><td class=\"column-2\">50<\/td><td class=\"column-3\">216<\/td><td class=\"column-4\">62<\/td>\n<\/tr>\n<tr class=\"row-6\">\n\t<td class=\"column-1\">Bazal\u0131 Karyola ve Ba\u015fl\u0131k (160 Cm)<\/td><td class=\"column-2\">183<\/td><td class=\"column-3\">120<\/td><td class=\"column-4\">214<\/td>\n<\/tr>\n<tr class=\"row-7\">\n\t<td class=\"column-1\">Bazal\u0131 Karyola ve Ba\u015fl\u0131k (180 Cm)<\/td><td class=\"column-2\">203<\/td><td class=\"column-3\">120<\/td><td class=\"column-4\">214<\/td>\n<\/tr>\n<tr class=\"row-8\">\n\t<td class=\"column-1\">\u00c7ama\u015f\u0131rl\u0131k<\/td><td class=\"column-2\">68<\/td><td class=\"column-3\">97<\/td><td class=\"column-4\">42<\/td>\n<\/tr>\n<tr class=\"row-9\">\n\t<td class=\"column-1\">\u015eifonyer<\/td><td class=\"column-2\">135<\/td><td class=\"column-3\">85<\/td><td class=\"column-4\">47<\/td>\n<\/tr>\n<tr class=\"row-10\">\n\t<td class=\"column-1\">\u015eifonyer Ayna<\/td><td class=\"column-2\">66<\/td><td class=\"column-3\">91<\/td><td class=\"column-4\">3<\/td>\n<\/tr>\n<tr class=\"row-11\">\n\t<td class=\"column-1\">Komodin<\/td><td class=\"column-2\">63<\/td><td class=\"column-3\">42<\/td><td class=\"column-4\">44<\/td>\n<\/tr>\n<\/tbody>\n<\/table>\n<!-- #tablepress-53 from cache -->\n","protected":false},"excerpt":{"rendered":"\u00dcr\u00fcnGeni\u015flik (cm)Y\u00fckseklik (cm)Derinlik (cm) 5 Kap\u0131l\u0131 Gardrop25321662 2 Kap\u0131l\u0131 Dolap10021662 K\u00f6\u015fe Dolap91x9121662 Tek Kap\u0131l\u0131 Dolap5021662 Bazal\u0131 Karyola ve Ba\u015fl\u0131k (160","protected":false},"featured_media":10572,"template":"","meta":[],"product_brand":[],"product_cat":[79],"product_tag":[],"class_list":{"0":"post-10571","1":"product","2":"type-product","3":"status-publish","4":"has-post-thumbnail","6":"product_cat-yatak-odalari","8":"first","9":"instock","10":"shipping-taxable","11":"product-type-simple"},"_links":{"self":[{"href":"https:\/\/zekisari.com\/index.php\/wp-json\/wp\/v2\/product\/10571","targetHints":{"allow":["GET"]}}],"collection":[{"href":"https:\/\/zekisari.com\/index.php\/wp-json\/wp\/v2\/product"}],"about":[{"href":"https:\/\/zekisari.com\/index.php\/wp-json\/wp\/v2\/types\/product"}],"wp:featuredmedia":[{"embeddable":true,"href":"https:\/\/zekisari.com\/index.php\/wp-json\/wp\/v2\/media\/10572"}],"wp:attachment":[{"href":"https:\/\/zekisari.com\/index.php\/wp-json\/wp\/v2\/media?parent=10571"}],"wp:term":[{"taxonomy":"product_brand","embeddable":true,"href":"https:\/\/zekisari.com\/index.php\/wp-json\/wp\/v2\/product_brand?post=10571"},{"taxonomy":"product_cat","embeddable":true,"href":"https:\/\/zekisari.com\/index.php\/wp-json\/wp\/v2\/product_cat?post=10571"},{"taxonomy":"product_tag","embeddable":true,"href":"https:\/\/zekisari.com\/index.php\/wp-json\/wp\/v2\/product_tag?post=10571"}],"curies":[{"name":"wp","href":"https:\/\/api.w.org\/{rel}","templated":true}]}}